{"id":604,"date":"2019-09-20T16:23:27","date_gmt":"2019-09-20T14:23:27","guid":{"rendered":"http:\/\/giannitrans.com\/?page_id=604"},"modified":"2019-09-20T16:36:12","modified_gmt":"2019-09-20T14:36:12","slug":"contact","status":"publish","type":"page","link":"https:\/\/giannitrans.com\/index.php\/en\/contact\/","title":{"rendered":"CONTACT"},"content":{"rendered":"<p><\/p>\n\n\n<div class=\"wp-block-columns is-layout-flex wp-container-3\">\n<div class=\"wp-block-column is-layout-flow\" style=\"flex-basis:63%\">\n<br><iframe loading=\"lazy\" style=\"border: 0;\" src=\"https:\/\/www.google.com\/maps\/embed?pb=!1m18!1m12!1m3!1d3057.5071732736315!2d-0.056340184176713215!3d39.974769979418895!2m3!1f0!2f0!3f0!3m2!1i1024!2i768!4f13.1!3m3!1m2!1s0xd6001a32e8c2e59%3A0xcf9ee795e20b33d8!2sGIANNITRANS%2C%20S.L.%20Oficinas!5e0!3m2!1ses!2ses!4v1567092498092!5m2!1ses!2ses\" allowfullscreen=\"allowfullscreen\" width=\"600\" height=\"450\" frameborder=\"0\"><\/iframe><br>\n<\/div>\n\n\n\n<div class=\"wp-block-column is-vertically-aligned-center is-layout-flow\" style=\"flex-basis:37%\">\n<\/p><h4 class=\"wp-block-heading\"><strong>GIANNITRANS,S.L. (OFFICE<\/strong>)<\/h4><p>\n\n\n\n<\/p><p>Calle Manuel Aza\u00f1a N\u00ba3<\/p><p>\n\n\n\n<\/p><p>12006 Castell\u00f3n, Espa\u00f1a<\/p><p>\n\n\n\n<\/p><p>Telf: +34964743340<\/p><p>\n\n\n\n<\/p><p>Fax: +34964059697<\/p><p>\n\n\n\n<\/p><p>E-mail: info@giannitrans.com<\/p><p>\n\n\n\n<\/p><p>\n<\/div>\n<\/div>\n\n\n<p><\/p>\n<p><\/p>\n\n\n<div class=\"wp-block-columns is-layout-flex wp-container-6\">\n<div class=\"wp-block-column is-layout-flow\" style=\"flex-basis:63%\">\n<br><iframe loading=\"lazy\" style=\"border: 0;\" src=\"https:\/\/www.google.com\/maps\/embed?pb=!1m18!1m12!1m3!1d3050.0393867213666!2d0.028567215827268476!3d40.14140637939812!2m3!1f0!2f0!3f0!3m2!1i1024!2i768!4f13.1!3m3!1m2!1s0x12a0075790c4075d%3A0x92616ecdc3100d19!2sGIANNITRANS%2C%20S.L.!5e0!3m2!1ses!2ses!4v1567092158258!5m2!1ses!2ses\" allowfullscreen=\"allowfullscreen\" width=\"600\" height=\"450\" frameborder=\"0\"><\/iframe><br>\n<\/div>\n\n\n\n<div class=\"wp-block-column is-vertically-aligned-center is-layout-flow\" style=\"flex-basis:37%\">\n<\/p><h4 class=\"wp-block-heading\"><strong>GIANNITRANS,S.L. (WAREHOUSE) <\/strong><\/h4><p>\n\n\n\n<\/p><p>Avenida Costa Rica, Pol\u00edgono industrial El Pont, nave 85<\/p><p>\n\n\n\n<\/p><p>12180 Cabanes, Castell\u00f3n, Espa\u00f1a<\/p><p>\n\n\n\n<\/p><p>Telf: +34691050051<\/p><p>\n\n\n\n<\/p><p>\n<\/div>\n<\/div>\n\n\n<p><\/p>","protected":false},"excerpt":{"rendered":"<p>GIANNITRANS,S.L. (OFFICE) Calle Manuel Aza\u00f1a N\u00ba3 12006 Castell\u00f3n, Espa\u00f1a Telf: +34964743340 Fax: +34964059697 E-mail: info@giannitrans.com GIANNITRANS,S.L. (WAREHOUSE) Avenida Costa Rica, Pol\u00edgono industrial El Pont, nave 85 12180 Cabanes, Castell\u00f3n, Espa\u00f1a Telf: +34691050051<\/p>\n","protected":false},"author":1,"featured_media":0,"parent":0,"menu_order":-1,"comment_status":"closed","ping_status":"closed","template":"elementor_header_footer","meta":{"_et_pb_use_builder":"","_et_pb_old_content":"","_et_gb_content_width":"","_monsterinsights_skip_tracking":false,"_monsterinsights_sitenote_active":false,"_monsterinsights_sitenote_note":"","_monsterinsights_sitenote_category":0},"_links":{"self":[{"href":"https:\/\/giannitrans.com\/index.php\/wp-json\/wp\/v2\/pages\/604"}],"collection":[{"href":"https:\/\/giannitrans.com\/index.php\/wp-json\/wp\/v2\/pages"}],"about":[{"href":"https:\/\/giannitrans.com\/index.php\/wp-json\/wp\/v2\/types\/page"}],"author":[{"embeddable":true,"href":"https:\/\/giannitrans.com\/index.php\/wp-json\/wp\/v2\/users\/1"}],"replies":[{"embeddable":true,"href":"https:\/\/giannitrans.com\/index.php\/wp-json\/wp\/v2\/comments?post=604"}],"version-history":[{"count":3,"href":"https:\/\/giannitrans.com\/index.php\/wp-json\/wp\/v2\/pages\/604\/revisions"}],"predecessor-version":[{"id":615,"href":"https:\/\/giannitrans.com\/index.php\/wp-json\/wp\/v2\/pages\/604\/revisions\/615"}],"wp:attachment":[{"href":"https:\/\/giannitrans.com\/index.php\/wp-json\/wp\/v2\/media?parent=604"}],"curies":[{"name":"wp","href":"https:\/\/api.w.org\/{rel}","templated":true}]}}